{"id":1378,"date":"2025-03-19T17:32:27","date_gmt":"2025-03-19T16:32:27","guid":{"rendered":"https:\/\/d2consult.fr\/?page_id=1378"},"modified":"2025-04-01T11:03:57","modified_gmt":"2025-04-01T09:03:57","slug":"bilan-carbone","status":"publish","type":"page","link":"https:\/\/d2consult.fr\/?page_id=1378","title":{"rendered":"Bilan Carbone\u00ae"},"content":{"rendered":"\n<h2 class=\"wp-block-heading has-text-align-center\"><mark style=\"background-color:rgba(0, 0, 0, 0)\" class=\"has-inline-color has-marron-color\"><strong>LE BILAN CARBONE\u00ae<\/strong><\/mark><\/h2>\n\n\n\n<div class=\"wp-block-columns is-layout-flex wp-container-core-columns-is-layout-9d6595d7 wp-block-columns-is-layout-flex\">\n<div class=\"wp-block-column is-layout-flow wp-block-column-is-layout-flow\" style=\"flex-basis:66.66%\">\n<div style=\"height:56px\" aria-hidden=\"true\" class=\"wp-block-spacer\"><\/div>\n\n\n\n<p>Cr\u00e9\u00e9 en 2004 par l\u2019ADEME, le Bilan Carbone\u00ae est une d\u00e9marche qui combine la comptabilisation des \u00e9missions de gaz \u00e0 effet de serre et la mise en place de plans de transition pour les r\u00e9duire. Sa r\u00e9alisation accompagne les organisations dans leur transition bas carbone, en r\u00e9pondant aux enjeux climatiques et r\u00e9glementaires.<\/p>\n\n\n\n<p>Le Bilan Carbone\u00ae est une&nbsp;<strong>d\u00e9marche <\/strong>compos\u00e9e de&nbsp;<strong>deux volets indissociables<\/strong>&nbsp;:<\/p>\n\n\n\n<ul class=\"wp-block-list\">\n<li>Un diagnostic qui permet de&nbsp;<strong>comptabiliser<\/strong>&nbsp;les \u00e9missions de gaz \u00e0 effet de serre (GES) g\u00e9n\u00e9r\u00e9s, directement ou indirectement, par les activit\u00e9s d\u2019une organisation.<\/li>\n\n\n\n<li>Une m\u00e9thode pour concevoir et mettre en place un&nbsp;<strong>plan de r\u00e9duction&nbsp;<\/strong>des \u00e9missions \u00e0 l\u2019\u00e9chelle de l\u2019organisation, en incluant l\u2019ensemble de ses externalit\u00e9s.<\/li>\n<\/ul>\n<\/div>\n\n\n\n<div class=\"wp-block-column is-layout-flow wp-block-column-is-layout-flow\" style=\"flex-basis:33.33%\">\n<figure class=\"wp-block-image size-full\"><img loading=\"lazy\" decoding=\"async\" width=\"768\" height=\"768\" src=\"https:\/\/d2consult.fr\/wp-content\/uploads\/2025\/03\/image.png\" alt=\"\" class=\"wp-image-1390\" srcset=\"https:\/\/d2consult.fr\/wp-content\/uploads\/2025\/03\/image.png 768w, https:\/\/d2consult.fr\/wp-content\/uploads\/2025\/03\/image-300x300.png 300w, https:\/\/d2consult.fr\/wp-content\/uploads\/2025\/03\/image-150x150.png 150w\" sizes=\"auto, (max-width: 768px) 100vw, 768px\" \/><\/figure>\n<\/div>\n<\/div>\n\n\n\n<p>Le Bilan Carbone s&rsquo;inscrit dans un contexte l\u00e9gislatif en \u00e9volution dont voici les derni\u00e8res \u00e9tapes : <\/p>\n\n\n\n<figure class=\"wp-block-image size-large is-resized\"><img loading=\"lazy\" decoding=\"async\" width=\"1024\" height=\"501\" src=\"https:\/\/d2consult.fr\/wp-content\/uploads\/2025\/03\/Frise-BC-1024x501.jpg\" alt=\"\" class=\"wp-image-1398\" style=\"width:1120px;height:auto\" srcset=\"https:\/\/d2consult.fr\/wp-content\/uploads\/2025\/03\/Frise-BC-1024x501.jpg 1024w, https:\/\/d2consult.fr\/wp-content\/uploads\/2025\/03\/Frise-BC-300x147.jpg 300w, https:\/\/d2consult.fr\/wp-content\/uploads\/2025\/03\/Frise-BC-768x376.jpg 768w, https:\/\/d2consult.fr\/wp-content\/uploads\/2025\/03\/Frise-BC-1536x752.jpg 1536w, https:\/\/d2consult.fr\/wp-content\/uploads\/2025\/03\/Frise-BC.jpg 1986w\" sizes=\"auto, (max-width: 1024px) 100vw, 1024px\" \/><\/figure>\n\n\n\n<p class=\"has-text-align-right\">Plus d&rsquo;information sur <a href=\"https:\/\/abc-transitionbascarbone.fr\/bilan-carbone\/\">le site de l&rsquo;ABC<\/a> (l&rsquo;Association pour la transition Bas Carbone)<\/p>\n\n\n\n<div style=\"height:100px\" aria-hidden=\"true\" class=\"wp-block-spacer\"><\/div>\n\n\n\n<p class=\"has-text-align-center has-large-font-size\"><a href=\"https:\/\/d2consult.fr\/?page_id=66\"><strong>D\u00e9couvrir mon offre<\/strong><\/a><\/p>\n\n\n\n<hr class=\"wp-block-separator has-text-color has-base-3-color has-alpha-channel-opacity has-base-3-background-color has-background\"\/>\n\n\n\n<div class=\"wp-block-buttons is-content-justification-center is-layout-flex wp-container-core-buttons-is-layout-16018d1d wp-block-buttons-is-layout-flex\">\n<div class=\"wp-block-button has-custom-font-size has-medium-font-size\"><a class=\"wp-block-button__link has-accent-background-color has-background has-text-align-center wp-element-button\" href=\"https:\/\/d2consult.fr\/?page_id=17\">Me contacter<\/a><\/div>\n<\/div>\n\n\n\n<p><\/p>\n","protected":false},"excerpt":{"rendered":"<p>LE BILAN CARBONE\u00ae Cr\u00e9\u00e9 en 2004 par l\u2019ADEME, le Bilan Carbone\u00ae est une d\u00e9marche qui combine la comptabilisation des \u00e9missions de gaz \u00e0 effet de serre et la mise en place de plans de transition pour les r\u00e9duire. Sa r\u00e9alisation accompagne les organisations dans leur transition bas carbone, en r\u00e9pondant aux enjeux climatiques et r\u00e9glementaires. &#8230; <a title=\"Bilan Carbone\u00ae\" class=\"read-more\" href=\"https:\/\/d2consult.fr\/?page_id=1378\" aria-label=\"En savoir plus sur Bilan Carbone\u00ae\">Lire la suite<\/a><\/p>\n","protected":false},"author":1,"featured_media":0,"parent":13,"menu_order":3,"comment_status":"closed","ping_status":"closed","template":"","meta":{"footnotes":""},"class_list":["post-1378","page","type-page","status-publish"],"_links":{"self":[{"href":"https:\/\/d2consult.fr\/index.php?rest_route=\/wp\/v2\/pages\/1378","targetHints":{"allow":["GET"]}}],"collection":[{"href":"https:\/\/d2consult.fr\/index.php?rest_route=\/wp\/v2\/pages"}],"about":[{"href":"https:\/\/d2consult.fr\/index.php?rest_route=\/wp\/v2\/types\/page"}],"author":[{"embeddable":true,"href":"https:\/\/d2consult.fr\/index.php?rest_route=\/wp\/v2\/users\/1"}],"replies":[{"embeddable":true,"href":"https:\/\/d2consult.fr\/index.php?rest_route=%2Fwp%2Fv2%2Fcomments&post=1378"}],"version-history":[{"count":10,"href":"https:\/\/d2consult.fr\/index.php?rest_route=\/wp\/v2\/pages\/1378\/revisions"}],"predecessor-version":[{"id":1422,"href":"https:\/\/d2consult.fr\/index.php?rest_route=\/wp\/v2\/pages\/1378\/revisions\/1422"}],"up":[{"embeddable":true,"href":"https:\/\/d2consult.fr\/index.php?rest_route=\/wp\/v2\/pages\/13"}],"wp:attachment":[{"href":"https:\/\/d2consult.fr\/index.php?rest_route=%2Fwp%2Fv2%2Fmedia&parent=1378"}],"curies":[{"name":"wp","href":"https:\/\/api.w.org\/{rel}","templated":true}]}}